{"id":87,"date":"2022-02-07T21:41:55","date_gmt":"2022-02-07T21:41:55","guid":{"rendered":"https:\/\/lrsi.uqo.ca\/?page_id=87"},"modified":"2022-02-14T18:36:26","modified_gmt":"2022-02-14T18:36:26","slug":"aboutlrsi","status":"publish","type":"page","link":"https:\/\/lrsi.uqo.ca\/index.php\/aboutlrsi\/","title":{"rendered":"Mission de recherche du LRSI"},"content":{"rendered":"\n<div class=\"wp-block-cover has-parallax\" style=\"background-image:url(https:\/\/lrsi.uqo.ca\/wp-content\/uploads\/2022\/02\/cropped-devantuqo_pho_08102015_0001_maximebhuneault0001.jpeg)\"><span aria-hidden=\"true\" class=\"has-black-background-color has-background-dim-70 wp-block-cover__gradient-background has-background-dim\"><\/span><div class=\"wp-block-cover__inner-container is-layout-flow wp-block-cover-is-layout-flow\">\n<p class=\"has-text-align-left has-white-color has-text-color has-medium-font-size\">Le Laboratoire de Recherche en S\u00e9curit\u00e9 Informatique (LRSI) de l&#8217;Universit\u00e9 du Qu\u00e9bec en Outaouais, cr\u00e9\u00e9 en 2002, a pour mission de r\u00e9aliser de la recherche fondamentale et appliqu\u00e9e dans le domaine de la cybers\u00e9curit\u00e9. Les travaux de recherche du LRSI sont r\u00e9alis\u00e9s avec des partenaires acad\u00e9miques et industriels au Canada et \u00e0 l&#8217;international. Les activit\u00e9s de recherche visent \u00e0 am\u00e9liorer la s\u00e9curit\u00e9 des donn\u00e9es, la s\u00e9curit\u00e9 du logiciel, la s\u00e9curit\u00e9 des r\u00e9seaux informatiques, la s\u00e9curit\u00e9 des syst\u00e8mes informatiques (embarqu\u00e9s, op\u00e9rationnels, etc.) et la gouvernance de la s\u00e9curit\u00e9.&nbsp;Les axes de recherche du laboratoire incluent le d\u00e9veloppement de m\u00e9thodes formelles, de l\u2019intelligence artificielle et de la cryptographie pour la cybers\u00e9curit\u00e9.<\/p>\n<\/div><\/div>\n\n\n\n<p><\/p>\n","protected":false},"excerpt":{"rendered":"","protected":false},"author":1,"featured_media":0,"parent":0,"menu_order":0,"comment_status":"closed","ping_status":"closed","template":"","meta":{"footnotes":""},"class_list":["post-87","page","type-page","status-publish","hentry"],"_links":{"self":[{"href":"https:\/\/lrsi.uqo.ca\/index.php\/wp-json\/wp\/v2\/pages\/87","targetHints":{"allow":["GET"]}}],"collection":[{"href":"https:\/\/lrsi.uqo.ca\/index.php\/wp-json\/wp\/v2\/pages"}],"about":[{"href":"https:\/\/lrsi.uqo.ca\/index.php\/wp-json\/wp\/v2\/types\/page"}],"author":[{"embeddable":true,"href":"https:\/\/lrsi.uqo.ca\/index.php\/wp-json\/wp\/v2\/users\/1"}],"replies":[{"embeddable":true,"href":"https:\/\/lrsi.uqo.ca\/index.php\/wp-json\/wp\/v2\/comments?post=87"}],"version-history":[{"count":45,"href":"https:\/\/lrsi.uqo.ca\/index.php\/wp-json\/wp\/v2\/pages\/87\/revisions"}],"predecessor-version":[{"id":362,"href":"https:\/\/lrsi.uqo.ca\/index.php\/wp-json\/wp\/v2\/pages\/87\/revisions\/362"}],"wp:attachment":[{"href":"https:\/\/lrsi.uqo.ca\/index.php\/wp-json\/wp\/v2\/media?parent=87"}],"curies":[{"name":"wp","href":"https:\/\/api.w.org\/{rel}","templated":true}]}}